{"id":195,"date":"2022-02-03T15:30:22","date_gmt":"2022-02-03T19:30:22","guid":{"rendered":"https:\/\/racingautomatic.com\/newsite\/?page_id=195"},"modified":"2022-02-03T19:47:32","modified_gmt":"2022-02-03T23:47:32","slug":"don-tono","status":"publish","type":"page","link":"https:\/\/racingautomatic.com\/newsite\/don-tono\/","title":{"rendered":"Don To\u00f1o"},"content":{"rendered":"\n<p>Aqu\u00ed estar\u00e1 la descripci\u00f3n del auto de nuestro cliente con su informaci\u00f3n y video.<\/p>\n","protected":false},"excerpt":{"rendered":"","protected":false},"author":1,"featured_media":85,"parent":0,"menu_order":0,"comment_status":"closed","ping_status":"closed","template":"","meta":{"footnotes":""},"class_list":["post-195","page","type-page","status-publish","has-post-thumbnail","hentry"],"aioseo_notices":[],"_links":{"self":[{"href":"https:\/\/racingautomatic.com\/newsite\/wp-json\/wp\/v2\/pages\/195","targetHints":{"allow":["GET"]}}],"collection":[{"href":"https:\/\/racingautomatic.com\/newsite\/wp-json\/wp\/v2\/pages"}],"about":[{"href":"https:\/\/racingautomatic.com\/newsite\/wp-json\/wp\/v2\/types\/page"}],"author":[{"embeddable":true,"href":"https:\/\/racingautomatic.com\/newsite\/wp-json\/wp\/v2\/users\/1"}],"replies":[{"embeddable":true,"href":"https:\/\/racingautomatic.com\/newsite\/wp-json\/wp\/v2\/comments?post=195"}],"version-history":[{"count":2,"href":"https:\/\/racingautomatic.com\/newsite\/wp-json\/wp\/v2\/pages\/195\/revisions"}],"predecessor-version":[{"id":235,"href":"https:\/\/racingautomatic.com\/newsite\/wp-json\/wp\/v2\/pages\/195\/revisions\/235"}],"wp:featuredmedia":[{"embeddable":true,"href":"https:\/\/racingautomatic.com\/newsite\/wp-json\/wp\/v2\/media\/85"}],"wp:attachment":[{"href":"https:\/\/racingautomatic.com\/newsite\/wp-json\/wp\/v2\/media?parent=195"}],"curies":[{"name":"wp","href":"https:\/\/api.w.org\/{rel}","templated":true}]}}